10 = 4*n. Let z be n/3 + 44/3. Suppose 0*r + z = 3*r. What is the units digit of r?
5
Let x(f) = 101*f - 5. What is the units digit of x(1)?
6
Suppose 0 = -12*j - 230 + 1046. What is the tens digit of j?
6
Let w = 87 + -44. What is the tens digit of w?
4
Let p = 19 - 9. Let q be 2 - p*(2 - 1). Let s(z) = -z**2 - 8*z + 2. What is the units digit of s(q)?
2
Suppose 3*x = 2*x + 43. What is the tens digit of x?
4
Let x(w) = -3*w - 3. Let q be x(-3). Let v = -4 + q. Suppose 3*h + h = 4*y + 4, -3*h + 7 = -v*y. What is the units digit of h?
5
Let d(j) = 3*j + 10. Let f be d(-14). Let i be (-8)/(-6)*75/2. Let l = f + i. What is the tens digit of l?
1
Let t(q) = q**2 - 3*q + 2. Let i be t(3). Suppose -17 = -z + 4*c, -3*c - i = 13. What is the tens digit of -10*((-6)/(-2))/z?
1
Let p be 192*(14/6 + -1). Suppose 4*a - 100 = -p. What is the units digit of a/(-9) + 2/(-6)?
4
Let v(u) = u**3 - 10*u**2 + 2*u - 11. Let g be v(11). Suppose 3*z - g = -33. What is the units digit of (1/3)/(1/z)?
1
Let n(s) = -112*s - 1. What is the hundreds digit of n(-1)?
1
Suppose -95 + 11 = -4*i. Suppose -24 - i = -3*h. What is the units digit of h?
5
Let v(h) = 6*h**3 - 5*h**2 - h + 10. What is the tens digit of v(3)?
2
Let y(g) = -g - 9. Let h be y(-7). Let c(n) = 2*n**2 - 3*n - 3. What is the units digit of c(h)?
1
Suppose 3*t = 4*g - 2 - 1, -3 = -t. Let j = g + 3. What is the units digit of j?
6
Let n(w) = -2*w + 11. Let v be n(7). What is the units digit of 46 + -3*2/v?
8
Suppose -3*k + 6*i = 3*i - 63, 2*k - 51 = -i. Suppose -2*c + 16 = -k. What is the tens digit of c?
2
Suppose 50 - 2 = 4*p. Suppose 3*v = 6*v - p. Suppose 5*s = 11 + v. What is the units digit of s?
3
Let i(m) = -6*m**3 - m**2 - 2*m - 1. Let b = -7 + 6. What is the units digit of i(b)?
6
Let k(v) = v**3 + 4*v**2 - v - 1. Let a be k(-3). Let n be (2 + -2)/(3 + -2). Let h = a - n. What is the tens digit of h?
1
Let o(a) = -a + 11. Let x be o(4). Let t(v) = v**2 - 3*v. Let k be t(4). Suppose 0 = k*c - 5 - x. What is the units digit of c?
3
What is the tens digit of (2 + 0 - 1)/((-2)/(-94))?
4
Let c(o) = o**2 + 10*o + 12. Let g be c(-8). What is the tens digit of (-16)/4*14/g?
1
What is the hundreds digit of 8/28*(-2 - -723)?
2
Let u(q) = -q**2 + 13*q - 18 + 7 - q. Let b be (-61)/(-7) + 2/7. What is the units digit of u(b)?
6
Let q be 1 - ((-138)/1)/2. Suppose -5*p = -26 - 9. Suppose -2*i - q = -p*i. What is the tens digit of i?
1
Suppose 5*d + 20 = 95. Suppose -t - d = -6*t. What is the units digit of t?
3
Suppose -4*h + 14 = -6. Suppose 2*l - z = 12, h*l - z - 19 - 5 = 0. What is the units digit of l?
4
Let i = 13 + -8. Suppose i*y + 5*k - 63 = 22, -3*y - 2*k + 55 = 0. What is the tens digit of y?
2
Suppose 95 = -2*z + 3*z - i, 2*z - 196 = 4*i. What is the units digit of z?
2
What is the tens digit of -4 + 8 - 7*-1?
1
Let n = -21 + 20. Let l = 2 - n. What is the units digit of l?
3
Suppose 8 + 0 = 4*r. Let p(m) = -m + 4. Let q be p(r). What is the units digit of -2 + 3 - (-16)/q?
9
Suppose -t - 3 = -5. Suppose -t*i + 23 + 11 = 0. What is the units digit of i?
7
Suppose 3*d - 7*d = 0. Let b(l) = -l**3 + 5*l**2 + l - 4. Let q be b(4). Suppose -5*g + 3*g + q = d. What is the units digit of g?
8
Let u(a) = -233*a + 7. What is the tens digit of u(-1)?
4
Let i = 153 - 4. What is the tens digit of (-4)/6 + i/3?
4
Let q = 18 - 8. Let s = 14 - q. Suppose 7*d - s*d - 12 = 0. What is the units digit of d?
4
Let z(k) = -3 - 7*k**2 + 0*k**3 - 2*k - 4 + k**3 + 3*k. Let n be z(7). Suppose 4*t - 2*t - 4 = n. What is the units digit of t?
2
Suppose 6*t = 302 + 232. What is the tens digit of t?
8
Let l(z) = 0*z + 10*z**2 + 3*z - 4*z. Let v be l(-1). What is the tens digit of (v - (-1 + 2)) + 0?
1
Suppose -7 - 5 = -2*h - s, -3*h + 36 = -3*s. Let q be h/(-36) - (-38)/9. Suppose -q*c = 2 - 6. What is the units digit of c?
1
Let x be 0 - 1 - 1*-6. Suppose -x*a = -4*a + 32. What is the units digit of a/(-12)*(4 + -1)?
8
Let p = -506 + 771. What is the units digit of p?
5
Let q = 134 - 67. Suppose 0 = -3*k + 4*o + q, -3*o + 29 = 4*k - 27. Let z = -9 + k. What is the units digit of z?
8
Let i(j) = 26 - 19 + j**2 - 2*j**2. Let c be i(0). Suppose 0 = 3*r - c - 2. What is the units digit of r?
3
Suppose -1140 = -5*k - 5*q, -250 = 3*k + 5*q - 944. What is the tens digit of k?
2
Suppose 328 = 5*f - 117. What is the tens digit of f?
8
Suppose 0 = -3*g + 8*g + y - 28, -y + 23 = 4*g. Let s = g - 1. What is the units digit of s?
4
Let p(h) = -2*h - 18. What is the tens digit of p(-15)?
1
Suppose -5*u + 3*u = -8, -2*u = -4*b + 20. Let t = b + 8. What is the tens digit of t?
1
Suppose -2*f - 15 = -1. Let i = 9 + f. What is the units digit of i?
2
Let a(x) = 30*x**2 + 1. Let v(r) = -r**2 - 7*r + 9. Let m be v(-8). What is the units digit of a(m)?
1
Suppose -3*h + 89 - 8 = 0. What is the units digit of h?
7
What is the tens digit of 2072/20 - ((-36)/15 - -2)?
0
Suppose -f - 2*f = -24. What is the tens digit of -7 + f + 0 + 12?
1
Suppose 34 = -3*g + 5*w, 3*g - 34 = -4*w - 104. Let x be 14/g + (-2)/9. What is the units digit of -2 + ((-6)/x - 2)?
2
Let u(b) = b**3 - b**2 - b + 15. Let q be u(0). Let w = q - 13. What is the units digit of w?
2
Let k(z) = -z**2 - 9*z. What is the units digit of k(-6)?
8
Let x = 1 + -5. Let l = x + 5. Suppose -9 = -5*t + l. What is the units digit of t?
2
Suppose -3*o + 250 = -5*a, 0*o - 5*o + 400 = -5*a. What is the tens digit of o?
7
Let w = 129 - 55. What is the tens digit of w?
7
Let k be (1 - 2) + -1 + 0. Let o(a) = a**3 + 3*a**2 - 3*a - 2. What is the units digit of o(k)?
8
Let f(c) = -c**3 + 12*c**2 + 30*c - 17. Let q be f(14). Suppose -3*u - 32 = u. Let w = u + q. What is the units digit of w?
3
Let v(p) = p**2 - 4*p - 4. Let g be v(-4). Let u(z) = -2*z**3 + 2*z**2 - 1. Let r be u(-1). Suppose -g = -r*t - t. What is the units digit of t?
7
Suppose -60 = 4*d - 7*d. What is the tens digit of d?
2
Suppose -4*f - v + 106 = 0, -4 = -2*f - v + 50. What is the units digit of f?
6
What is the units digit of (-1635)/(-10) - (2 - (-3)/(-6))?
2
Let d = -7 + 10. Let s(v) = 6*v + 2. What is the tens digit of s(d)?
2
Let i be 45*(-2 - -2 - -1). Suppose 3*b + 3 = -4*q, -5*b - i + 11 = -3*q. Let x(m) = -m - 4. What is the units digit of x(b)?
1
Suppose 3*d = -0*d + 48. What is the units digit of d?
6
Let x(g) = -g**2 + g**3 + g + 15 - 2*g**3 + 2*g**3. Let s be x(0). Suppose 3*k - 4*r - 9 - s = 0, -10 = -k + 2*r. What is the units digit of k?
4
Let p(c) = c**3 + 7*c**2 + 4. Let h be p(-7). Let q = 3 + 2. Suppose q = s - h. What is the units digit of s?
9
Suppose 5*t + 2 + 6 = a, -4*t = -4*a + 16. Suppose -3*h - a*f = 12, -f - 20 = -5*h - 58. What is the units digit of ((-12)/14 + 0)*h?
6
Let h = 16 + 28. What is the units digit of h?
4
Let a(k) = -6*k - 1. What is the units digit of a(-3)?
7
Let c(b) = 16*b**2 - 3*b. Let m(g) = -15*g**2 + 4*g. Let x(z) = 3*c(z) + 2*m(z). What is the tens digit of x(1)?
1
Let l(b) = b**2 - 6*b - 5. Let w be l(8). Let g = 19 - w. What is the units digit of g?
8
Let g be 0*(-1 + 1/2). Let x be 4/(-1 - (-3 - g)). What is the units digit of -1*(-2)/(-2) + x?
1
Let j(i) be the third derivative of -1/3*i**3 + 0*i - 1/24*i**4 + 0 + i**2. What is the units digit of j(-5)?
3
Suppose 3*r + 6*i - 2*i + 8 = 0, 4*r = -i - 2. Suppose o + 4*o - 145 = r. What is the units digit of o?
9
Suppose 3*s = 6*s - 2*g + 3, -3*s = 5*g + 3. Let a = s + 7. What is the units digit of a?
6
Let r(m) = 1 + 7*m**2 + 6*m - 6*m**2 + 7*m**2 - 6 + m**3. Let d be r(-7). Suppose -2 - d = -l. What is the units digit of l?
4
Let z be ((-236)/12)/(3/(-9)). Let m = z - 31. What is the tens digit of m?
2
Let o(u) = -2*u**2 - 5*u + 9. Let d be o(7). Let w be 2/3 + d/(-3). Suppose -2*x - x = -w. What is the units digit of x?
4
Let r(p) = 11*p**2 + 2*p + 2. Let x be r(-2). Let d = -22 + x. What is the tens digit of d?
2
Let t be 2 + (-1 + 32 - 1). Suppose t + 28 = 5*s. What is the units digit of s?
2
Let q = -17 - -39. Let i = q - 12. What is the tens digit of i?
1
Let s(g) = -g - 3. Let u be s(0). Let r = -1 - u. Suppose 5*k + 4*q = 16 + r, 5*k - q = 8. What is the units digit of k?
2
Suppose 38*h + 73 = 39*h. What is the units digit of h?
3
Let b(o) = o + 5. Let z = -5 - -13. What is the tens digit of b(z)?
1
Let i(u) = -3*u - 1. 